*o + 8. Let y(b) = p(b) - 2*u(b). Give y(z).
2
Let z(n) be the first derivative of -n**3/3 + n**2/2 - 4*n + 4. Let b(k) be the first derivative of z(k). Give b(2).
-3
Let d be (-6)/(-9) - (-13)/3. Let i(b) = d*b - 2*b - 3*b + b. Give i(5).
5
Let r(q) = q**3 + 5*q**2 - 2*q - 1. Let b(p) = -8*p**2 - 4*p - 3*p**3 + 3 + 8*p - 3*p**2. Let v(l) = -2*b(l) - 5*r(l). Determine v(2).
-1
Let v(k) = 5 - 16*k + 4*k + 6*k + k**2. Suppose 2*s = 3*i + 19, -5 = s - 3*i - 19. Calculate v(s).
0
Suppose -4*u - 3 = -5*f, -5*u = 5*f - 32 + 2. Let w be ((-18)/27)/(1/u). Let p(a) be the second derivative of -a**3/6 - a**2 + a. Determine p(w).
0
Let t(r) be the first derivative of 3*r**2/2 + r + 30. Give t(2).
7
Let m(k) = -3*k. Let x(q) = q. Let h(w) = -m(w) - 4*x(w). What is h(-4)?
4
Let q(o) = o**3 + o**2 + o + 1. Let n be q(-2). Let k = -2 - n. Let y(l) = l**3 - 5*l**2 + 5*l - 3. Determine y(k).
-6
Let k(q) be the second derivative of -5/12*q**4 + 0 - 1/3*q**3 - 2*q**2 + 5*q - 1/20*q**5. Give k(-5).
6
Let q(g) = g - 1. Suppose 0 = h + 2*h + 6, 0 = -2*b - 4*h - 2. Suppose 2*f - 8 = -2*f - 3*x, x = -f + 2. Let m = b - f. Determine q(m).
0
Let d(t) = t + 3. Let z(r) = 2*r**2 + 47*r - 24. Let o be z(-24). Give d(o).
3
Let b(d) = 2*d + 9. Let i(u) = -u**3 - 4*u**2 - u. Let w be i(-3). Let n be b(w). Let l(k) = 3*k + 438 + k**2 - 438. Calculate l(n).
0
Let q be (2/(-7))/(10/(-280)). Let m(w) = w - 5. Calculate m(q).
3
Let c(p) = 12*p**3 + 6 - 7*p**2 - 25*p**3 + 14*p**3. What is c(7)?
6
Let m(i) = i - 4*i + 8 + 0*i + 5*i. Let c be m(-6). Let o(p) = p - p - 2*p - 5. Give o(c).
3
Let k(v) be the third derivative of 0 - 1/30*v**5 + 1/2*v**3 + 0*v + v**2 - 1/6*v**4. What is k(2)?
-13
Let i(u) = -4*u - 1. Let h be 0*(-2)/4*-1. Let v = h - 1. Give i(v).
3
Let g be (-2*(-2)/4)/1. Let c(j) = -2*j + j - 3 + 8 + g. Calculate c(0).
6
Let y(c) = c**3 - 37*c**2 + 71*c - 35. Let z be y(35). Let i(b) be the second derivative of -b**2 + 2*b + 1/6*b**3 + z. What is i(6)?
4
Let u(y) = -4 - 1 + 0 - 4 + 2*y. Determine u(8).
7
Let d(x) = -x - 6. Suppose 3*f - 2*n - 15 = -3*n, -5*f + 24 = 2*n. Give d(f).
-12
Suppose -2*l - 16 = -50. Let t = l - 1. Let y = 10 - t. Let r(x) = x**2 + 6*x - 3. Calculate r(y).
-3
Let s be (2/(-6))/((-1)/6). Let r be 2 - -1 - s - -4. Let p(u) = u - 2. Calculate p(r).
3
Suppose -15*f - 33 = 162. Let i(z) = z**3 + 14*z**2 + 14*z + 17. Give i(f).
4
Let i(x) be the first derivative of x**4/4 + 5*x**3/3 + 2*x**2 + 5*x + 7. Determine i(-4).
5
Suppose 2*f - 3 = 1. Let u(c) = 0*c**2 - f*c**2 + c**2 - 3 + 2*c - 6*c. Calculate u(-2).
1
Suppose -4*u - 4*b = -40, -5*b + 3 = -u + 1. Let n(t) = -4 - 16*t + 9*t + u*t. Determine n(-5).
-9
Suppose 3*i + 3*w + 21 = 4*w, -24 = 3*i - 2*w. Let s be i/27 + 20/9. Let l(v) = v + 0*v**s + v - v**2 - 5*v. Give l(-3).
0
Let c = -3 - -7. Suppose -c*m = m - 30. Suppose -5*s = 1 - m. Let r(x) = -4*x**2 + x - 1. Determine r(s).
-4
Let m(q) = -6*q + 9. Let a(z) = 3*z - 5. Let u(c) = 11*a(c) + 6*m(c). Suppose -t - 4 = -2*b, -20*b = 4*t - 21*b + 9. What is u(t)?
5
Let q(i) be the first derivative of i**2 + 8*i - 23. Give q(-8).
-8
Suppose -5*z + 2 = -3. Let h(w) = -9*w**3 - 13*w**2 + 11*w + 13. Let u(l) = 5*l**3 + 7*l**2 - 6*l - 7. Let n(d) = -6*h(d) - 11*u(d). Calculate n(z).
-1
Let k(r) = -r**3 - 5*r + 3*r**2 - 1 - r + 3*r + 3. What is k(3)?
-7
Let k be -4 - ((-1 - -1) + 1). Suppose -6*n + n = 5*b - 45, -5*b + 30 = 2*n. Let u(p) = 3*p - p + p**3 + n*p**2 + 7 + p - 2*p. Give u(k).
2
Let r be -1*6*(-3)/(-6). Let d(s) = -21 - 4*s + 22 + 0*s. Determine d(r).
13
Let y(d) = d**3 - 5*d**2 + 4*d. Let s(c) = -c**2 + 11*c - 7. Let q = -9 - -3. Let v(j) = j**3 + 6*j**2 - 3*j - 8. Let f be v(q). Let p be s(f). Give y(p).
-6
Let l(f) = -1. Let t(k) = k - 8. Let a(z) = -4*l(z) + t(z). Determine a(6).
2
Let j(q) = -q**3 - q**2 + q. Let o(t) = 7*t**3 + 3*t**2 - 2*t - 3. Let p(a) = 6*j(a) + o(a). Give p(2).
1
Let y(k) be the third derivative of -k**4/24 - 2*k**3/3 + 6*k**2 + 8. What is y(-11)?
7
Suppose 8*c - 13*c + 15 = 0. Let y(z) = -z**2 + 4*z - 2. What is y(c)?
1
Let b(c) = -c - 2. Let y = -3 + 3. Suppose -3*l - 4*n - 19 = 0, 0 = -n - y - 1. Determine b(l).
3
Let b(t) be the first derivative of -2*t**4 + t**3/3 + t**2/2 + t + 6. Determine b(-1).
9
Let c(n) = 0*n - 2*n**2 - 4*n - n + 1 + 3*n. Give c(3).
-23
Let s(f) = f**2 - 4*f - 1. Suppose 0*i = 4*i - 32. Let j be (-14 + i)*(-2)/3. Give s(j).
-1
Let t(x) = -x**2 - 5*x. Let h be ((-1)/(6/27))/((-3)/(-4)). Give t(h).
-6
Suppose -16 = -4*a, 4*v + 3*a = -a - 8. Let n = v + 6. Suppose n = -p - p - 4. Let s(x) = -2*x**3 - x**2 + x - 2. Give s(p).
8
Let l(v) = 5*v**2 - 5*v + 7. Let f(n) = -11*n**2 + 11*n - 15. Let r(c) = 6*f(c) + 13*l(c). Let i = -6 + 9. Calculate r(i).
-5
Let l(d) = -d**3 + 3*d**2 + 2*d + 2. Suppose 2 + 3 = -n. Let m = n + 9. Determine l(m).
-6
Let f(s) = s - 5. Let p be f(7). Let i(j) = -2*j + 8*j - 3*j - p*j + 2. Give i(-6).
-4
Let t = 1 - 1. Let a be ((-8)/3)/((-16)/24). Let x(v) = -1 + v**2 + a + 3 - 3. Determine x(t).
3
Let c(b) = -3*b**2 - 4*b - 3. Let i(w) = 5*w**2 + 6*w - 13. Let q(m) = 4*m**2 + 6*m - 12. Let s(j) = -3*i(j) + 4*q(j). Let o be s(-7). Give c(o).
-7
Suppose -4*w + 1 - 17 = 0. Let p(s) = -5*s**2 - 2*s + 5. Let i(v) = -4*v**2 - 2*v + 4. Let l(f) = 4*i(f) - 3*p(f). Give l(w).
-7
Let c(g) = -1. Let j(p) = -p - 1. Suppose 3*u - 3 = 12. Let x(m) = u*c(m) - j(m). Give x(3).
-1
Let f(p) = p**2 - 3*p - 4. Suppose 0 = -3*s + g - 4*g + 21, s = -3*g + 13. Give f(s).
0
Let j(i) = i**2 - 11*i + 13. Let a be j(10). Let g(m) = 7*m - 12. Let o(u) = -4*u + 6. Let k(q) = a*g(q) + 5*o(q). Calculate k(0).
-6
Let o(i) = -i**3 + 3*i**2 + 3*i + 4. Let j(w) = -w**2 - 10*w + 15. Let z be j(-11). What is o(z)?
0
Let k(a) = a**3 - 12*a**2 + 11*a + 4. Let u be k(11). Suppose -f = 4*x - 13, 2*x - u*f = -10 + 30. Let w(q) = -q - 2. What is w(x)?
-6
Let f(t) = 2*t**3 + 2*t**2 - t. Let j be ((-1)/3)/((-5)/15). Let r = 2 - j. Calculate f(r).
3
Let i(h) = -h**2 + 5*h + 5 - 4*h - 4*h + 2*h. Give i(-5).
-15
Let f = 3 + -1. Let r(k) = -2 + 6*k + 3*k**2 + 0*k**f - 2*k**2 - 2*k**2. Determine r(5).
3
Suppose -4 = -5*m + m. Let f(b) = -b - 4*b + 4*b. What is f(m)?
-1
Let y(l) = l - 10. Let j(v) = -v + 6. Let d be j(-4). What is y(d)?
0
Let d(b) be the first derivative of -b**4/4 + 7*b**3/3 - 3*b**2 - 5*b + 12. Determine d(6).
-5
Let u(n) = -n - 4. Let p(c) = c**2 + 5*c. Let l be p(-6). Suppose -9*y = -l*y. Determine u(y).
-4
Let l(b) = 3*b**2 - 4*b + 3. Let k be l(1). Let p(z) = z**3 - 2*z**2 + 2*z. Calculate p(k).
4
Suppose 5*l + 4*m + 4 = 0, 4*m = 5*l - 1 - 3. Let n(y) = 5*y**3 - 7*y**2 + 18. Let h(i) = i**3 - i**2 + 1. Let a(g) = -6*h(g) + n(g). Determine a(l).
12
Let c = -4 + 4. Suppose c*b = -b. Let d(k) = k**2 - 1. Calculate d(b).
-1
Let q(p) = -p**2 + 11*p - 11. Suppose 2*x + 2*c = 12, 3*x + 4*c - 14 = 1. Give q(x).
7
Let z(d) = 11*d - 31. Let p(r) = -8*r + 21. Let o(i) = -7*p(i) - 5*z(i). Suppose -2 - 16 = 3*x. Give o(x).
2
Let s(w) = 4*w**2 + 3 + 6*w - 2*w**2 - 2*w - w**2. Calculate s(-2).
-1
Let d(b) = 12*b**3 - b**2. Let p = -9 + 25. Suppose 0 = -3*o - p + 1, 0 = -l + 4*o + 21. Determine d(l).
11
Let w be 1/1*(-1 - 5). Let p be ((-6)/2)/(w/(-8)). Let k = p - -6. Let a(f) = f**3 - f**2 + f - 2. What is a(k)?
4
Suppose 2*n - 18 = -n. Let u(m) = -m - m**2 - 5 + n + 0. What is u(-1)?
1
Let z be (2 - 1)/((-2)/(-4)). Let c(y) = -2*y**3 + 2*y**2 - y - 2. What is c(z)?
-12
Let z(t) = -t**3 - 5*t**2 + 2*t. Let r(n) = n + 15. Let f be r(-12). Suppose -2*m + 5 = -3*u, -f*m + 4*u + 45 = -8*m. What is z(m)?
-10
Let n(b) = -6*b**2 - 2*b - 3. Let y(d) = -4*d - 14. Let f be y(-3). Calculate n(f).
-23
Suppose -79*l = -82*l - 12. Let u(j) = j - 5. Determine u(l).
-9
Suppose 24*j = 29*j. Let c(b) be the third derivative of 1/24*b**4 + 0*b + j - 2*b**3 - 4*b**2. What is c(5)?
-7
Suppose 4*n - 16 = -0*n. Let u(t) = 9*t**2 - 4*t. Let b(g) be the first derivative of -8*g**3/3 + 3*g**2/2 + 10. Let v(d) = n*u(d) + 5*b(d). Determine v(-1).
-3
Let d(m) = -3*m. Let q = 21 + -20. Give d(q).
-3
Let q(p) = 8*p**2 + 3*p - 2. Let s(z) = z**2 + z. Let c(k) = -q(k) + 5*s(k). Calculate c(2).
-6
Let z(i) = -i - 6 + 5 + 2*i. What is z(1)?
0
Let b(r) = r + 118 - 102 - 2*r - r**2. Calculate b(0).
16
Let v be (12/(-15))/((-1)/(-5)). Let y(f)